{"id":108,"date":"2022-09-12T19:20:38","date_gmt":"2022-09-12T17:20:38","guid":{"rendered":"http:\/\/brevnov.hostx008.spoje.net\/?page_id=108"},"modified":"2022-09-22T19:53:28","modified_gmt":"2022-09-22T17:53:28","slug":"kontakt","status":"publish","type":"page","link":"https:\/\/brevnov.net\/index.php\/kontakt\/","title":{"rendered":"KONTAKT"},"content":{"rendered":"<h1 id=\"block-f1120cd9-7aa2-4394-87a3-e2f2d417b426\" class=\"block-editor-rich-text__editable block-editor-block-list__block wp-block has-text-align-center is-selected wp-block-heading rich-text\" tabindex=\"0\" role=\"document\" contenteditable=\"true\" aria-multiline=\"true\" aria-label=\"Blok: Nadpis\" data-block=\"f1120cd9-7aa2-4394-87a3-e2f2d417b426\" data-type=\"core\/heading\" data-title=\"Nadpis\">Kontaktujte n\u00e1s<\/h1>\n<p style=\"text-align: center;\"><img loading=\"lazy\" decoding=\"async\" class=\"alignnone wp-image-369 size-medium\" src=\"https:\/\/brevnov.net\/wp-content\/uploads\/2022\/09\/logo-spoje-tmave-300x35.png\" alt=\"\" width=\"300\" height=\"35\" srcset=\"https:\/\/brevnov.net\/wp-content\/uploads\/2022\/09\/logo-spoje-tmave-300x35.png 300w, https:\/\/brevnov.net\/wp-content\/uploads\/2022\/09\/logo-spoje-tmave-1024x121.png 1024w, https:\/\/brevnov.net\/wp-content\/uploads\/2022\/09\/logo-spoje-tmave-768x91.png 768w, https:\/\/brevnov.net\/wp-content\/uploads\/2022\/09\/logo-spoje-tmave-1536x182.png 1536w, https:\/\/brevnov.net\/wp-content\/uploads\/2022\/09\/logo-spoje-tmave.png 1921w\" sizes=\"auto, (max-width: 300px) 100vw, 300px\" \/><\/p>\n<p style=\"text-align: center;\">Pato\u010dkova 1471\/77<br data-rich-text-line-break=\"true\" \/>Praha 6 &#8211; B\u0159evnov<br data-rich-text-line-break=\"true\" \/>169 00<\/p>\n<p style=\"text-align: center;\">Pond\u011bl\u00ed &#8211; \u010ctvrtek 9h &#8211; 19h<br \/>P\u00e1tek 9h &#8211; 17h<\/p>\n<p style=\"text-align: center;\">Mobil: +420 608 233 232<br \/>Pevn\u00e1 linka: +420 233 358 050<\/p>\n<p style=\"text-align: center;\">Objedn\u00e1vky: <span style=\"color: #ff6600;\">obchod (zavin\u00e1\u010d) spoje.net<\/span><br \/>Technick\u00e1 podpora: <span style=\"color: #ff6600;\">helpdesk (zavin\u00e1\u010d) spoje.net<\/span><br \/>Faktury: <span style=\"color: #ff6600;\">fakturace (zavin\u00e1\u010d) spoje.net<\/span><\/p>\n<p style=\"text-align: center;\"><a href=\"https:\/\/brevnov.net\/index.php\/kontaktni-formular\/\" target=\"_blank\" rel=\"noopener\">KONTAKTN\u00cd FORMUL\u00c1\u0158<\/a><\/p>\n\n\n<iframe loading=\"lazy\" style=\"border:none\" src=\"https:\/\/frame.mapy.cz\/s\/jomezogode\" width=\"700\" height=\"466\" frameborder=\"0\"><\/iframe>\n\n\n\n<div class=\"wp-block-group\"><div class=\"wp-block-group__inner-container is-layout-flow wp-block-group-is-layout-flow\">\n<div class=\"wp-block-columns is-layout-flex wp-container-core-columns-is-layout-9d6595d7 wp-block-columns-is-layout-flex\">\n<div class=\"wp-block-column is-layout-flow wp-block-column-is-layout-flow\">\n<h3 class=\"has-text-align-center wp-block-heading\">Faktura\u010dn\u00ed adresa<\/h3>\n<\/div>\n<\/div>\n<\/div><\/div>\n\n\n<p style=\"text-align: center;\">SPOJE.NET s r.o.<\/p>\n<p class=\"has-text-align-center\">Z\u00e1v\u011brka 473\/8<br>Praha 6 &#8211; B\u0159evnov<br>169 00<\/p>\n<p class=\"has-text-align-center\"><strong>I\u010cO: 29034736<\/strong><br>DI\u010c: CZ29034736<br>\u010c\u00da: 2800061687\/2010<br>Dat. schr\u00e1nka: eaakutv<br>Spisov\u00e1 zna\u010dka: C 161611 MS Praha<br>Datum z\u00e1pisu: 10.02.2010<br>BGP: AS51400<\/p>\n<p><\/p>","protected":false},"excerpt":{"rendered":"<p>Kontaktujte n\u00e1s Pato\u010dkova 1471\/77Praha 6 &#8211; B\u0159evnov169 00 Pond\u011bl\u00ed &#8211; \u010ctvrtek 9h &#8211; 19hP\u00e1tek 9h &#8211; 17h Mobil: +420 608 233 232Pevn\u00e1 linka: +420 233 358 050 Objedn\u00e1vky: obchod (zavin\u00e1\u010d) spoje.netTechnick\u00e1 podpora: helpdesk (zavin\u00e1\u010d) spoje.netFaktury: fakturace (zavin\u00e1\u010d) spoje.net KONTAKTN\u00cd FORMUL\u00c1\u0158 Faktura\u010dn\u00ed adresa SPOJE.NET s r.o. Z\u00e1v\u011brka 473\/8Praha 6 &#8211; B\u0159evnov169 00 I\u010cO: 29034736DI\u010c: CZ29034736\u010c\u00da: 2800061687\/2010Dat. [&hellip;]<\/p>\n","protected":false},"author":1,"featured_media":0,"parent":0,"menu_order":0,"comment_status":"closed","ping_status":"closed","template":"","meta":{"footnotes":""},"class_list":["post-108","page","type-page","status-publish","hentry","post"],"_links":{"self":[{"href":"https:\/\/brevnov.net\/index.php\/wp-json\/wp\/v2\/pages\/108","targetHints":{"allow":["GET"]}}],"collection":[{"href":"https:\/\/brevnov.net\/index.php\/wp-json\/wp\/v2\/pages"}],"about":[{"href":"https:\/\/brevnov.net\/index.php\/wp-json\/wp\/v2\/types\/page"}],"author":[{"embeddable":true,"href":"https:\/\/brevnov.net\/index.php\/wp-json\/wp\/v2\/users\/1"}],"replies":[{"embeddable":true,"href":"https:\/\/brevnov.net\/index.php\/wp-json\/wp\/v2\/comments?post=108"}],"version-history":[{"count":18,"href":"https:\/\/brevnov.net\/index.php\/wp-json\/wp\/v2\/pages\/108\/revisions"}],"predecessor-version":[{"id":370,"href":"https:\/\/brevnov.net\/index.php\/wp-json\/wp\/v2\/pages\/108\/revisions\/370"}],"wp:attachment":[{"href":"https:\/\/brevnov.net\/index.php\/wp-json\/wp\/v2\/media?parent=108"}],"curies":[{"name":"wp","href":"https:\/\/api.w.org\/{rel}","templated":true}]}}